). Suppose 4*t = 3*q - 37, -3*q + y = 6*t - 3*t. Let p be (-14)/21 + (-334)/(-6). Calculate the highest common divisor of q and p.
11
Let f = -13 - -18. Suppose f*s - 38 = -4*c, 5*c + 0*s = -s + 58. Let t be c*3*(-2)/(-12). Calculate the highest common factor of t and 2.
2
Suppose 4*j + 2 = -5*u + 8, 0 = 2*j + 2. Let h(w) = -2*w - w**u + 123 + 9 + 2*w. Let b be h(0). Calculate the highest common factor of b and 12.
12
Let x(t) = -12*t - 2. Let k be x(-6). Calculate the highest common divisor of k and 10.
10
Let a(i) = -i + 6. Let h be a(-8). What is the greatest common factor of h and 21?
7
Suppose -5*j = -3*j - 10. Suppose 34 = j*q - 26. What is the greatest common divisor of q and 6?
6
Let y be 6/15 + (-396)/(-10). Suppose y = a + 4*a. What is the highest common divisor of a and 1?
1
Let s(v) = -v**2 + 3*v + 5. Let t be s(4). Let x be (t - (-5)/4)*4. What is the highest common divisor of 9 and x?
9
Let g(n) = -7*n - 8. Let j be g(-8). What is the greatest common divisor of j and 12?
12
Let j be 15/((6/9)/2). Let l = j + 11. Let z = 9 - 1. What is the highest common factor of l and z?
8
Let q = -12 - -44. What is the greatest common factor of 128 and q?
32
Let l be (4/(-6))/(12/(-306)). Let n = -12 + l. What is the highest common factor of n and 25?
5
Suppose s = -s + 124. Suppose 5*l - s = 378. Suppose v = -v - 5*x + 36, 0 = 3*v - 2*x - 16. What is the greatest common factor of v and l?
8
Let r(a) = -a + 1. Let z be r(-1). Suppose -2 = -d + z*v, 12 = 3*d - v - 3*v. Let b(s) = -s - 2. Let o be b(-3). What is the greatest common factor of d and o?
1
Suppose -3*t = -3*p + 39, 4*t = 2*p - 3*p - 32. Let w = 14 - -3. Let n = w + t. Calculate the greatest common factor of 8 and n.
8
Suppose -658 = -5*z + 192. Calculate the highest common factor of 34 and z.
34
Suppose -4*n = 2*m + 10 - 2, m + 29 = 3*n. Let b be 282/26 - m/91. Calculate the highest common divisor of 1 and b.
1
Let z(k) = 4*k**3 - k**2. Let s be z(1). Let j be 382/s - 4/(-6). Let r be (-36)/(-2) + (0 - 2). What is the highest common factor of j and r?
16
Let o = 124 - 75. Calculate the greatest common factor of o and 7.
7
Let n = -11 - -5. Let s = n + 15. Let r be (-2)/(-4)*-6 + s. What is the greatest common divisor of 48 and r?
6
Suppose -2*j = 2*m + 36, 2*m = 5*m + j + 48. Let t = 64 + m. What is the highest common factor of 7 and t?
7
Let w(d) = d**2 - 2*d - 4. Let r be w(-4). Suppose -78 = -m + 62. What is the highest common factor of m and r?
20
Let r = 203 - 187. Calculate the highest common divisor of r and 16.
16
Let s(b) = b + 23. Let g be s(-13). What is the highest common divisor of g and 2?
2
Suppose 3*j + 4 - 19 = 0. Suppose -5 = -j*r + 195. Suppose -4*p = 3*n - r, 2*p - n - 20 = -2*n. What is the greatest common factor of 20 and p?
10
Suppose 5*s - 67 = -17. Calculate the highest common factor of 30 and s.
10
Suppose 0 = b - 4*b + 21. Let l = 63 + b. Let o(i) = -27*i + 1. Let y be o(-1). Calculate the greatest common divisor of l and y.
14
Let p(f) = 5*f**2 - f + 2. Let a be p(1). Let r be a/(-30) + 71/5. Let g be (-1 + r - 2) + -3. Calculate the highest common factor of g and 2.
2
Let a be 6/(-10) - (-96)/10. Let t be (-20)/a - 6/(-27). Let j be (t/5)/(3/(-150)). Calculate the greatest common factor of 8 and j.
4
Suppose 0 = 4*o + 2*d - 52, -4*o + 40 = 5*d - 12. What is the greatest common divisor of 26 and o?
13
Suppose 2*b + 13 = 9, -112 = -2*v + 4*b. Calculate the greatest common factor of 8 and v.
4
Let y(u) = 7*u - 5. Let g be y(5). Suppose -49 = -4*l - c - 0*c, 0 = -4*l + c + 47. Calculate the greatest common factor of l and g.
6
Suppose 50 = 5*j - 2*n, 0 = 2*j - 0*j + n - 11. What is the greatest common factor of 8 and j?
8
Let v(t) = -t**3 + 5*t**2 + 6*t + 3. Let z be v(6). Suppose 0*h - 3*h + z = 0. Let l = -4 - -9. Calculate the highest common divisor of h and l.
1
Suppose -3 - 6 = -w. Calculate the greatest common factor of 315 and w.
9
Suppose 0 = m - 108 - 0. Calculate the greatest common factor of m and 12.
12
Let u = 3 - 2. Let m = -1 + 6. Suppose 3*v - m*v = -4. What is the highest common factor of v and u?
1
Suppose 3*y - 17 = -77. Let b = 30 + y. What is the highest common divisor of 40 and b?
10
Let o be 3/(-6) + (-14)/(-4). Suppose 132 = 3*c - 0*f - o*f, -16 = 4*f. Let j be (1/(-2))/((-1)/40). Calculate the greatest common factor of c and j.
20
Let g be ((-8)/(-20))/((-1)/5). Let b be (2/3)/(g/6). Let p = 2 - b. Calculate the greatest common divisor of p and 6.
2
Suppose -500 = -2*h - 3*h. Calculate the greatest common divisor of h and 20.
20
Let n = 101 - 65. Calculate the greatest common divisor of 72 and n.
36
Let m be (5/4)/((-2)/(-480)*5). Calculate the highest common factor of m and 150.
30
Let n = 86 - 82. Calculate the highest common divisor of n and 16.
4
Suppose 57 = 5*s - 33. What is the highest common divisor of 18 and s?
18
Let q be (-406)/(-2 - (0 + 0)). Let r = q + -378. Let i be r/(-55) - (-2)/(-11). Calculate the highest common divisor of 33 and i.
3
Suppose -2*w = 4*i - 674, -2*i + 677 = 2*i + 5*w. Calculate the highest common factor of 48 and i.
24
Suppose 0 = -0*z + 8*z - 432. Calculate the highest common factor of 81 and z.
27
Suppose 0 = -0*r + 5*r - 625. Calculate the highest common divisor of r and 50.
25
Let l = 5 - 5. Suppose 6*o = 7*o - 5. Suppose l*p = o*p - 75. What is the highest common divisor of p and 120?
15
Let y(s) = -s**2 - 4*s - 1. Let q be y(-3). Let d be ((-63)/14)/(q/(-4)). Calculate the greatest common divisor of d and 1.
1
Let j be ((-56)/(-7) - 27)/(1/(-9)). Calculate the highest common divisor of j and 9.
9
Let m be 9*-3*2/2. Let v be (-1 - 0)*m/3. What is the highest common divisor of v and 18?
9
Let h be 52/26*6/2. What is the highest common factor of 150 and h?
6
Let p be (4 + -7)/3 + 3. Suppose -6 = -2*l, -p*i - 2*l + 6*l + 102 = 0. Calculate the greatest common factor of 19 and i.
19
Suppose -3*u - 5*g + 5 = -15, g = -2. Suppose -2*i = 2*s - u, 3*s + 3*i = 2*s + 11. What is the highest common divisor of 4 and s?
2
Let o be 11/3 - 2/(-6). Suppose o*i = 3*i + 18. Let k be 16/6 - 2/3. Calculate the highest common divisor of i and k.
2
Suppose 5 - 62 = -3*i. Suppose -3*f - 2*f + z = -174, 0 = 5*f + z - 166. Let b = f - i. Calculate the highest common divisor of b and 15.
15
Let f(p) = -5*p. Let l be f(-1). Suppose 281 - 101 = l*t. Calculate the highest common factor of 18 and t.
18
Let q(i) = -52*i - 23. Let t be q(-2). What is the greatest common factor of 54 and t?
27
Suppose 2*u - 8*u = -180. Calculate the greatest common divisor of 30 and u.
30
Let x(v) = 4*v + 1. Let p be ((-2)/(-4))/((-1)/(-4)). Let a be x(p). Calculate the highest common divisor of 9 and a.
9
Let t be ((-8)/6)/(4/12). Let d be 9*t/14*-7. Suppose 0 = -p + 5*m + 9, m - 3*m = 2*p - d. Calculate the highest common divisor of p and 36.
9
Suppose 79 = 5*q + 29. Let k = 10 + -100. Let z = 200 + k. Calculate the greatest common factor of z and q.
10
Let k(s) = s**2 - 4*s + 8. Let v be k(-6). Calculate the greatest common factor of 17 and v.
17
Let v be 925/(-15) + 2/3. Let t = v + 121. Calculate the greatest common factor of t and 15.
15
Let x = 48 + -32. Calculate the greatest common divisor of 80 and x.
16
Suppose 5*u - 2*v - 76 = 0, 0*u + 4*u = -v + 53. Let f be 2 + -3 + 1 - -2. Calculate the greatest common factor of f and u.
2
Let k = 46 + -78. Let m be (-8)/k - (-17)/(-4). Let l be (6/m)/(5/(-160)). Calculate the highest common factor of l and 12.
12
Suppose 0 = -5*i + o + 389, -4*o = i - 77 - 5. Let y be (-20)/30*(-39)/2. What is the greatest common factor of i and y?
13
Suppose 0*j + 2*j - o = 13, -5*o = -3*j + 37. Suppose t + 27 = j*t. Calculate the highest common factor of t and 9.
9
Suppose -3*o - 14 + 35 = 0. Suppose 6 = 2*y, -o*u - 3*y = -2*u - 19. What is the greatest common factor of 22 and u?
2
Suppose 40 = 3*d - 4*p - 9, -76 = -5*d + p. Let n(h) = 6*h - 6. Let i be n(6). Suppose -6*f - i = -8*f. What is the highest common factor of f and d?
15
Let c be (-5 - -7)/((-2)/(-3)). Suppose -c*b + 36 = -v, 0 = -v - 2*v - 9. Let i be -1 - (-1 - 1 - 0). Calculate the highest common factor of b and i.
1
Suppose -4*o - 12 + 76 = 0. Suppose 2*h - 1 - 57 = 0. Let s = 53 - h. What is the highest common factor of o and s?
8
Suppose 